{"id":360902,"date":"2022-11-08T09:23:16","date_gmt":"2022-11-08T09:23:16","guid":{"rendered":"http:\/\/nal3.com\/central-de-contenidos\/opinion-experta\/sobre-la-fusio-del-departament-comercial-i-el-de-marketing-digital\/"},"modified":"2023-01-13T12:17:09","modified_gmt":"2023-01-13T12:17:09","slug":"sobre-la-fusio-del-departament-comercial-i-el-de-marketing-digital","status":"publish","type":"opinion-experta","link":"https:\/\/nal3.com\/ca\/central-de-contenidos\/opinion-experta\/sobre-la-fusio-del-departament-comercial-i-el-de-marketing-digital\/","title":{"rendered":"Sobre la fusi\u00f3 del departament comercial i el de marketing digital"},"content":{"rendered":"<p>Daniel Li\u00f1\u00e1n \u00e9s CEO Founder i Business Developer de Nal3. Com a membre de l&#8217;equip de nou negoci dins d&#8217;una ag\u00e8ncia de comunicaci\u00f3 i marketing, coneix b\u00e9 ambd\u00f3s m\u00f3ns, els seus punts forts, i sobretot, el potencial d&#8217;\u00e8xit que contenen si aconsegueixen cooperar. En aquest cap\u00edtol, en Daniel comparteix la impot\u00e0ncia que aquesta sin\u00e8rgia funcioni.<\/p>\n<p>&nbsp;<\/p>\n","protected":false},"excerpt":{"rendered":"<p>Daniel Li\u00f1\u00e1n \u00e9s CEO Founder i Business Developer de Nal3.<\/p>\n","protected":false},"featured_media":360542,"template":"","meta":{"_acf_changed":false},"categories":[],"class_list":["post-360902","opinion-experta","type-opinion-experta","status-publish","has-post-thumbnail","hentry"],"acf":[],"_links":{"self":[{"href":"https:\/\/nal3.com\/ca\/wp-json\/wp\/v2\/opinion-experta\/360902","targetHints":{"allow":["GET"]}}],"collection":[{"href":"https:\/\/nal3.com\/ca\/wp-json\/wp\/v2\/opinion-experta"}],"about":[{"href":"https:\/\/nal3.com\/ca\/wp-json\/wp\/v2\/types\/opinion-experta"}],"wp:featuredmedia":[{"embeddable":true,"href":"https:\/\/nal3.com\/ca\/wp-json\/wp\/v2\/media\/360542"}],"wp:attachment":[{"href":"https:\/\/nal3.com\/ca\/wp-json\/wp\/v2\/media?parent=360902"}],"wp:term":[{"taxonomy":"category","embeddable":true,"href":"https:\/\/nal3.com\/ca\/wp-json\/wp\/v2\/categories?post=360902"}],"curies":[{"name":"wp","href":"https:\/\/api.w.org\/{rel}","templated":true}]}}

Sobre la fusió del departament comercial i el de marketing digital

<p>Daniel Liñán és CEO Founder i Business Developer de Nal3. Com a membre de l&#8217;equip de nou negoci dins d&#8217;una agència de comunicació i marketing, coneix bé ambdós móns, els seus punts forts, i sobretot, el potencial d&#8217;èxit que contenen si aconsegueixen cooperar. En aquest capítol, en Daniel comparteix la impotància que aquesta sinèrgia funcioni.</p>
<p>&nbsp;</p>

<p>Daniel Liñán és CEO Founder i Business Developer de Nal3.</p>
